10787 and 17?
17
Calculate the greatest common factor of 594 and 2607.
33
Calculate the greatest common divisor of 7854 and 264.
66
What is the greatest common divisor of 62 and 26?
2
What is the highest common factor of 38496 and 24?
24
What is the highest common divisor of 19732 and 20?
4
What is the highest common divisor of 10974 and 2976?
186
Calculate the greatest common divisor of 8216 and 130.
26
Calculate the greatest common divisor of 277 and 7761263.
277
What is the greatest common factor of 3840 and 35220?
60
Calculate the highest common factor of 900 and 68004.
36
Calculate the greatest common divisor of 242 and 1958.
22
What is the greatest common factor of 380 and 595270?
190
What is the highest common factor of 3115 and 97811?
623
What is the greatest common factor of 2951 and 117?
13
Calculate the highest common factor of 6902 and 182.
14
What is the highest common divisor of 268920 and 15?
15
Calculate the greatest common divisor of 205 and 355.
5
Calculate the highest common factor of 285304 and 133.
19
Calculate the greatest common divisor of 5292 and 621.
27
Calculate the highest common factor of 475762 and 289.
17
What is the highest common factor of 10896 and 7664?
16
What is the highest common divisor of 1758 and 6301844?
586
Calculate the highest common factor of 28093 and 351.
13
Calculate the highest common factor of 92378 and 858.
286
What is the greatest common factor of 95952 and 48?
48
Calculate the greatest common divisor of 363 and 27.
3
What is the highest common divisor of 2464 and 2596?
44
Calculate the greatest common factor of 763 and 98863.
109
Calculate the greatest common divisor of 39945 and 300.
15
Calculate the greatest common factor of 200 and 22350.
50
What is the highest common divisor of 1812 and 11476?
604
Calculate the highest common factor of 194897 and 341.
31
What is the highest common factor of 88439 and 65?
13
Calculate the greatest common divisor of 15496 and 416.
104
What is the highest common divisor of 3624 and 4?
4
Calculate the greatest common divisor of 5171 and 17.
1
Calculate the greatest common factor of 1002 and 577653.
501
What is the greatest common divisor of 11427 and 24453?
39
What is the greatest common divisor of 1131585 and 105?
105
Calculate the highest common factor of 38363 and 156.
13
Calculate the highest common factor of 1277796 and 130.
26
Calculate the highest common divisor of 5429 and 305.
61
What is the greatest common divisor of 75 and 976905?
15
What is the greatest common factor of 10647 and 48321?
819
What is the highest common divisor of 40166 and 1330?
266
Calculate the highest common divisor of 951925 and 65.
65
What is the highest common factor of 330764 and 224?
28
Calculate the highest common divisor of 149 and 212623.
149
Calculate the highest common divisor of 64 and 60320.
32
Calculate the highest common divisor of 319224 and 282.
282
What is the greatest common divisor of 24266 and 33?
11
What is the highest common factor of 21 and 305046?
21
What is the greatest common divisor of 963 and 62381?
107
What is the greatest common factor of 551780 and 100?
20
What is the highest common divisor of 800189 and 156?
13
What is the greatest common factor of 934 and 159247?
467
Calculate the greatest common divisor of 3758 and 14.
2
What is the greatest common divisor of 1080 and 6723?
27
Calculate the greatest common divisor of 238 and 27642.
34
Calculate the greatest common divisor of 19 and 201343.
19
What is the greatest common factor of 169847 and 4429?
103
Calculate the greatest common factor of 41058 and 54.
18
What is the greatest common divisor of 253845 and 99?
9
What is the greatest common factor of 435994 and 492?
82
What is the greatest common divisor of 16812 and 1764?
36
What is the highest common factor of 4782310 and 650?
130
Calculate the highest common factor of 417525 and 25.
25
Calculate the highest common factor of 20 and 37370.
10
Calculate the greatest common divisor of 4640 and 2987.
29
What is the highest common divisor of 3972801 and 28?
7
What is the highest common factor of 906675 and 693?
231
Calculate the highest common factor of 786105 and 36.
9
Calculate the greatest common factor of 19315 and 35.
5
What is the highest common divisor of 2242 and 605222?
118
What is the highest common factor of 48327 and 2670?
267
Calculate the greatest common factor of 715 and 15587.
143
Calculate the highest common factor of 12084 and 735984.
228
What is the greatest common divisor of 2279 and 4343?
43
What is the highest common factor of 195 and 57265?
65
Calculate the greatest common divisor of 248 and 3448.
8
What is the highest common factor of 4124516 and 44?
44
Calculate the greatest common divisor of 9387 and 2235.
447
What is the greatest common factor of 94500 and 1150?
50
Calculate the highest common divisor of 750 and 19000.
250
Calculate the greatest common factor of 180 and 375260.
20
What is the greatest common factor of 34771 and 174?
29
What is the highest common divisor of 146006 and 14?
14
Calculate the greatest common divisor of 17 and 481236.
17
What is the greatest common divisor of 74777 and 47?
47
Calculate the greatest common divisor of 12686 and 78.
2
What is the greatest common factor of 85 and 229925?
85
What is the highest common divisor of 44506 and 28?
14
Calculate the highest common divisor of 60864 and 60.
12
Calculate the highest common factor of 9384 and 294423.
1173
What is the highest common factor of 8865458 and 413?
413
Calculate the greatest common divisor of 1532 and 543094.
766
What is the highest common factor of 2669271 and 1551?
1551
Calculate the highest common divisor of 12066 and 48.
6
What is the greatest common divisor of 7059 and 780?
39
What is the highest common factor of 229361 and 638?
319
Calculate the greatest common divisor of 6915 and 33.
3
What is the greatest common divisor of 21869 and 152?
19
Calculate the greatest common divisor of 15138 and 406.
58
What is the highest common divisor of 28 and 826028?
28
Calculate the greatest common factor of 128 and 240.
16
What is the greatest common factor of 484688 and 96?
16
Calculate the greatest common divisor of 66 and 1068.
6
Calculate the highest common divisor of 40419 and 171.
9
What is the greatest common factor of 342 and 2924271?
171
What is the highest common divisor of 121 and 899272?
121
Calculate the greatest common divisor of 430 and 80590.
10
What is the greatest common divisor of 2481120 and 120?
120
What is the greatest common divisor of 947469 and 123?
123
What is the highest common divisor of 24 and 4841544?
24
What is the greatest common factor of 3405 and 60?
15
What is the greatest common factor of 39 and 53651?
13
What is the greatest common divisor of 22496 and 1368?
152
What is the greatest common divisor of 61 and 3359?
1
What is the greatest common factor of 115092 and 15318?
414
Calculate the highest common divisor of 2697 and 17139.
87
What is the highest common factor of 92043 and 945?
189
What is the highest common factor of 770 and 980210?
770
What is the greatest common divisor of 79416 and 472?
8
What is the highest common divisor of 291577 and 286?
143
Calculate the highest common divisor of 78520 and 1320.
40
Calculate the greatest common factor of 3703 and 72473.
529
What is the highest common factor of 21960 and 31080?
120
What is the greatest common factor of 275 and 17900?
25
What is the highest common factor of 614 and 164?
2
Calculate the highest common divisor of 1393501 and 989.
989
Calculate the highest common factor of 208 and 31440.
16
What is the greatest common factor of 45 and 89400?
15
Calculate the highest common factor of 86928 and 72.
24
What is the greatest common factor of 642447 and 234?
117
What is the highest common factor of 22440 and 3944?
136
What is the greatest common factor of 395 and 695200?
395
Calculate the highest common factor of 97328 and 33.
11
Calculate the highest common factor of 1711 and 638.
29
Calculate the greatest common factor of 198 and 18540.
18
Calculate the greatest common divisor of 117 and 5279625.
117
What is the highest common divisor of 9002 and 182?
14
What is the greatest common divisor of 27517 and 91?
7
What is the greatest common divisor o